{"id":242,"date":"2021-10-27T09:17:23","date_gmt":"2021-10-27T06:17:23","guid":{"rendered":"https:\/\/www.turhalhakimiyet.com\/?page_id=242"},"modified":"2021-10-27T09:17:23","modified_gmt":"2021-10-27T06:17:23","slug":"korona-virus-sonrasi-talep-artti-litresi-2-bin-lira","status":"publish","type":"page","link":"https:\/\/www.turhalhakimiyet.com\/index.php\/korona-virus-sonrasi-talep-artti-litresi-2-bin-lira\/","title":{"rendered":"Korona vir\u00fcs sonras\u0131 talep artt\u0131, litresi 2 bin lira"},"content":{"rendered":"\n<h3 class=\"wp-block-heading\">Tokat\u2019ta korona vir\u00fcs nedeniyle talebin artt\u0131\u011f\u0131 propolisin litresi 2 bin liradan sat\u0131l\u0131yor.<\/h3>\n\n\n\n<p>Tokat&#8217;ta korona vir\u00fcs nedeniyle talebin artt\u0131\u011f\u0131 propolisin litresi 2 bin liradan sat\u0131l\u0131yor.<\/p>\n\n\n\n<p>Do\u011fal Antibiyotik \u00f6zelli\u011fe sahip ve ba\u011f\u0131\u015f\u0131kl\u0131k sistemini g\u00fc\u00e7l\u00fc tutan propolis, vatanda\u015flar taraf\u0131ndan ra\u011fbet g\u00f6r\u00fcyor. Pandemi s\u00fcrecinde do\u011fal g\u0131da deste\u011fi olan Anadolu propolisi zengin besin i\u00e7eri\u011fi ile tercih ediliyor. Ar\u0131 Yeti\u015ficileri Birli\u011fi Uzman Tar\u0131m Dan\u0131\u015fman\u0131 Hasan Alpay, ar\u0131 kolonilerini so\u011fuktan korumak ve fare gibi zararl\u0131lar\u0131n kovana giri\u015fini engellemek, peteklerin hijyenini sa\u011flamak i\u00e7in \u00fcretti\u011fi propolisin Pandemi d\u00f6neminde ilgi g\u00f6rd\u00fc\u011f\u00fcn\u00fc s\u00f6yledi. Alpay, bilim adamlar\u0131n\u0131n korona vir\u00fcse kar\u015f\u0131 propolisin kullanmas\u0131n\u0131 tavsiye etti\u011fini ifade ederek, \u201cAnadolu propolisi ayr\u0131 bir yer tutmakta \u00f6zellikle de Tokat propolisinin kaliteli oldu\u011fu ortaya \u00e7\u0131km\u0131\u015f durumda. Kg fiyat\u0131 ham madde olarak d\u00fc\u015f\u00fcnd\u00fc\u011f\u00fcm\u00fcz zaman 400-500 lira. Ham madde olarak t\u00fcketilmedi\u011fi i\u00e7in su ve alkol bazl\u0131, tablet \u015fekline d\u00f6n\u00fc\u015ft\u00fcr\u00fcld\u00fc\u011f\u00fcnde de\u011feri kat kat art\u0131yor. Diyelim 400-500 liral\u0131k bir propolisin litresi 2-3 bin liralara kadar \u00e7\u0131kabiliyor\u201d dedi.<\/p>\n\n\n\n<p>Alpay, propolisi ham haliyle kullan\u0131lmas\u0131n\u0131n tavsiye edilmedi\u011fini belirterek, \u201c\u00c7\u00fcnk\u00fc propoliste de\u011fi\u015fik maddeler de bal ar\u0131lar\u0131 taraf\u0131ndan ta\u015f\u0131nabiliyor. Tablet veya s\u0131v\u0131 halde i\u015flenerek \u00fcretilen propolislerin t\u00fcketilmesini \u00f6neriyoruz. Propolisin do\u011fal antibiyotik \u00f6zelli\u011fi v\u00fccuttaki zararl\u0131 mikroorganizmalar\u0131 \u00f6ld\u00fcrebilir. Ancak yararl\u0131 mikroorganizmalara dokunmuyor ve b\u00f6ylece de ba\u011f\u0131\u015f\u0131kl\u0131k sistemi g\u00fc\u00e7l\u00fc kalabiliyor. Bir i\u015f\u00e7i ar\u0131 bir seferinde ancak on miligram propolis getirebiliyor. Yani bir gram propolisi y\u00fcz bal ar\u0131s\u0131 bireyi ancak getiriyor. O kadar \u00e7ok da kolay bir i\u015f de\u011fil ar\u0131 a\u00e7\u0131s\u0131ndan&#8221; diye konu\u015ftu.<\/p>\n","protected":false},"excerpt":{"rendered":"<p>Tokat\u2019ta korona vir\u00fcs nedeniyle talebin artt\u0131\u011f\u0131 propolisin litresi 2 bin liradan sat\u0131l\u0131yor. Tokat&#8217;ta korona vir\u00fcs nedeniyle talebin artt\u0131\u011f\u0131 propolisin litresi 2 bin liradan sat\u0131l\u0131yor. Do\u011fal Antibiyotik \u00f6zelli\u011fe sahip ve ba\u011f\u0131\u015f\u0131kl\u0131k sistemini g\u00fc\u00e7l\u00fc tutan propolis, vatanda\u015flar taraf\u0131ndan ra\u011fbet g\u00f6r\u00fcyor. Pandemi s\u00fcrecinde do\u011fal g\u0131da deste\u011fi olan Anadolu propolisi zengin besin i\u00e7eri\u011fi ile tercih ediliyor. Ar\u0131 Yeti\u015ficileri Birli\u011fi [&hellip;]<\/p>\n","protected":false},"author":2,"featured_media":243,"parent":0,"menu_order":0,"comment_status":"closed","ping_status":"closed","template":"","meta":{"footnotes":""},"class_list":["post-242","page","type-page","status-publish","has-post-thumbnail","hentry"],"_links":{"self":[{"href":"https:\/\/www.turhalhakimiyet.com\/index.php\/wp-json\/wp\/v2\/pages\/242","targetHints":{"allow":["GET"]}}],"collection":[{"href":"https:\/\/www.turhalhakimiyet.com\/index.php\/wp-json\/wp\/v2\/pages"}],"about":[{"href":"https:\/\/www.turhalhakimiyet.com\/index.php\/wp-json\/wp\/v2\/types\/page"}],"author":[{"embeddable":true,"href":"https:\/\/www.turhalhakimiyet.com\/index.php\/wp-json\/wp\/v2\/users\/2"}],"replies":[{"embeddable":true,"href":"https:\/\/www.turhalhakimiyet.com\/index.php\/wp-json\/wp\/v2\/comments?post=242"}],"version-history":[{"count":1,"href":"https:\/\/www.turhalhakimiyet.com\/index.php\/wp-json\/wp\/v2\/pages\/242\/revisions"}],"predecessor-version":[{"id":244,"href":"https:\/\/www.turhalhakimiyet.com\/index.php\/wp-json\/wp\/v2\/pages\/242\/revisions\/244"}],"wp:featuredmedia":[{"embeddable":true,"href":"https:\/\/www.turhalhakimiyet.com\/index.php\/wp-json\/wp\/v2\/media\/243"}],"wp:attachment":[{"href":"https:\/\/www.turhalhakimiyet.com\/index.php\/wp-json\/wp\/v2\/media?parent=242"}],"curies":[{"name":"wp","href":"https:\/\/api.w.org\/{rel}","templated":true}]}}